
-305
What is -3 (base 12) in base 15?
-3
What is 24 (base 7) in base 2?
10010
What is -2 (base 16) in base 6?
-2
-1 (base 4) to base 10
-1
What is 1010 (base 2) in base 12?
a
What is -2 (base 13) in base 11?
-2
-43 (base 10) to base 14
-31
-6 (base 8) to base 14
-6
What is -5 (base 8) in base 3?
-12
-12 (base 3) to base 2
-101
What is -110 (base 2) in base 15?
-6
Convert -1 (base 12) to base 6.
-1
Convert 58 (base 13) to base 8.
111
Convert 3 (base 14) to base 16.
3
What is -3 (base 6) in base 11?
-3
Convert 9 (base 14) to base 3.
100
What is -3 (base 14) in base 6?
-3
Convert 1 (base 12) to base 13.
1
3 (base 6) to base 5
3
4 (base 13) to base 16
4
4a (base 16) to base 7
134
What is -12 (base 7) in base 9?
-10
Convert 3 (base 6) to base 10.
3
Convert 5 (base 16) to base 12.
5
-22 (base 5) to base 4
-30
Convert 13 (base 7) to base 3.
101
10000001 (base 2) to base 10
129
What is -10 (base 2) in base 11?
-2
What is -3a (base 11) in base 12?
-37
Convert -34 (base 15) to base 16.
-31
What is -234 (base 6) in base 11?
-86
Convert -29 (base 10) to base 4.
-131
What is 12 (base 6) in base 13?
8
Convert -3 (base 12) to base 3.
-10
-19 (base 10) to base 15
-14
What is -22 (base 6) in base 11?
-13
What is 15 (base 10) in base 7?
21
What is -21 (base 12) in base 7?
-34
-4 (base 11) to base 8
-4
Convert -79 (base 11) to base 14.
-62
What is -d (base 15) in base 4?
-31
Convert 2 (base 3) to base 2.
10
Convert -22 (base 3) to base 14.
-8
Convert 3 (base 6) to base 2.
11
Convert -19 (base 13) to base 8.
-26
-15 (base 15) to base 16
-14
What is -23 (base 4) in base 13?
-b
What is 1 (base 6) in base 10?
1
What is 2 (base 14) in base 15?
2
What is 24 (base 16) in base 14?
28
What is -4 (base 14) in base 7?
-4
What is cb (base 16) in base 2?
11001011
What is -2 (base 5) in base 2?
-10
What is -5 (base 12) in base 9?
-5
Convert -7 (base 11) to base 5.
-12
What is -10 (base 13) in base 4?
-31
Convert 10 (base 9) to base 16.
9
What is 2202 (base 4) in base 5?
1122
-c (base 16) to base 4
-30
Convert -85 (base 11) to base 2.
-1011101
What is -133 (base 4) in base 15?
-21
Convert 2 (base 7) to base 2.
10
Convert 101100 (base 2) to base 5.
134
66 (base 13) to base 10
84
101110 (base 2) to base 9
51
-2303 (base 4) to base 16
-b3
What is 0 (base 3) in base 14?
0
-22 (base 9) to base 7
-26
What is 49 (base 13) in base 9?
67
Convert -12 (base 5) to base 10.
-7
-b (base 13) to base 6
-15
-3b (base 15) to base 2
-111000
What is -110100 (base 2) in base 16?
-34
Convert 1 (base 9) to base 2.
1
What is 30 (base 8) in base 10?
24
Convert 10011 (base 2) to base 14.
15
1b8 (base 12) to base 6
1152
What is -6 (base 8) in base 16?
-6
4 (base 14) to base 11
4
31 (base 14) to base 4
223
-10 (base 10) to base 12
-a
Convert -30 (base 4) to base 6.
-20
1100 (base 2) to base 4
30
Convert 311 (base 5) to base 2.
1010001
What is 23 (base 5) in base 2?
1101
Convert -2 (base 12) to base 16.
-2
11 (base 10) to base 16
b
Convert -10 (base 5) to base 2.
-101
Convert 0 (base 15) to base 4.
0
-195 (base 13) to base 11
-245
What is -1 (base 11) in base 4?
-1
2 (base 15) to base 4
2
Convert 311 (base 4) to base 12.
45
What is 326 (base 7) in base 9?
205
Convert -1 (base 8) to base 13.
-1
10 (base 7) to base 9
7
5 (base 16) to base 6
5
Convert 286 (base 9) to base 7.
462
Convert -25 (base 10) to base 14.
-1b
-24 (base 7) to base 3
-200
-36 (base 8) to base 12
-26
Convert -4 (base 6) to base 10.
-4
-7 (base 11) to base 13
-7
13 (base 6) to base 12
9
What is -2 (base 8) in base 11?
-2
What is 100111 (base 2) in base 8?
47
-12 (base 3) to base 4
-11
Convert -141 (base 5) to base 6.
-114
123 (base 6) to base 14
39
-4 (base 16) to base 6
-4
Convert 21 (base 8) to base 12.
15
Convert 2 (base 11) to base 14.
2
What is 3a (base 11) in base 8?
53
What is -1 (base 7) in base 11?
-1
14 (base 14) to base 10
18
-6c (base 16) to base 4
-1230
Convert 2 (base 16) to base 6.
2
Convert -1112 (base 3) to base 12.
-35
-1 (base 4) to base 9
-1
Convert 5 (base 9) to base 15.
5
1032 (base 4) to base 5
303
3 (base 13) to base 2
11
Convert 30 (base 6) to base 11.
17
-103 (base 7) to base 9
-57
Convert 54 (base 12) to base 2.
1000000
Convert 4 (base 16) to base 10.
4
6a (base 16) to base 5
411
What is 5 (base 7) in base 4?
11
Convert 18 (base 9) to base 5.
32
What is 6 (base 11) in base 4?
12
What is 4 (base 11) in base 2?
100
Convert -31 (base 14) to base 4.
-223
-3 (base 4) to base 7
-3
-b (base 13) to base 14
-b
What is 0 (base 2) in base 11?
0
1c (base 13) to base 15
1a
What is 153 (base 6) in base 7?
126
Convert 1221 (base 3) to base 9.
57
Convert 156 (base 13) to base 4.
3300
-8 (base 11) to base 15
-8
What is 19 (base 11) in base 15?
15
Convert -21 (base 5) to base 2.
-1011
What is b (base 14) in base 6?
15
-74 (base 11) to base 4
-1101
2220 (base 3) to base 5
303
Convert -17 (base 13) to base 15.
-15
What is 10 (base 10) in base 6?
14
-4 (base 6) to base 2
-100
What is 1 (base 8) in base 13?
1
Convert -2 (base 6) to base 12.
-2
What is 25 (base 8) in base 14?
17
What is 2 (base 8) in base 2?
10
What is 56 (base 13) in base 11?
65
What is 240 (base 12) in base 6?
1320
Convert -3 (base 15) to base 10.
-3
What is -3 (base 4) in base 13?
-3
Convert c (base 16) to base 4.
30
Convert 1cc (base 15) to base 2.
110100001
What is 212 (base 3) in base 12?
1b
11 (base 10) to base 2
1011
84 (base 12) to base 10
100
0 (base 4) to base 9
0
2 (base 3) to base 12
2
What is -21221 (base 3) in base 9?
-257
What is 12 (base 13) in base 15?
10
Convert -112 (base 8) to base 16.
-4a
-7 (base 13) to base 12
-7
What is -111100 (base 2) in base 16?
-3c
15 (base 8) to base 5
23
184 (base 13) to base 2
100010101
Convert -5 (base 9) to base 12.
-5
Convert -2 (base 13) to base 15.
-2
-1001 (base 2) to base 7
-12
-10023 (base 4) to base 11
-223
Convert 11 (base 2) to base 9.
3
What is 25 (base 10) in base 9?
27
Convert 1 (base 4) to base 10.
1
Convert 172 (base 8) to base 9.
145
33 (base 4) to base 12
13
100 (base 5) to base 15
1a
Convert 6 (base 13) to base 16.
6
What is -23 (base 9) in base 3?
-210
a (base 12) to base 5
20
What is 3 (base 15) in base 7?
3
What is -2 (base 7) in base 11?
-2
Convert -7d (base 16) to base 14.
-8d
What is -5 (base 10) in base 15?
-5
-1 (base 13) to base 14
-1
Convert -111 (base 2) to base 4.
-13
What is -12010 (base 3) in base 10?
-138
What is 4 (base 16) in base 6?
4
-20 (base 4) to base 7
-11
Convert -2 (base 5) to base 16.
-2
What is -63 (base 15) in base 2?
-1011101
44 (base 6) to base 4
130
-a1 (base 12) to base 7
-232
What is -17 (base 9) in base 11?
-15
What is -1011 (base 3) in base 5?
-111
-1 (base 10) to base 6
-1
Convert 10 (base 3) to base 6.
3
2 (base 15) to base 3
2
What is 0 (base 10) in base 4?
0
-11 (base 11) to base 15
-c
What is -a (base 15) in base 16?
-a
0 (base 13) to base 3
0
Convert 2 (base 14) to base 5.
2
-45 (base 7) to base 14
-25
Convert -2 (base 16) to base 3.
-2
What is -3 (base 8) in base 11?
-3
Convert -7 (base 11) to base 15.
-7
Convert -14 (base 9) to base 7.
-16
-10 (base 9) to base 4
-21
Convert 277 (base 8) to base 11.
164
-c (base 16) to base 5
-22
-101111 (base 2) to base 6
-115
10 (base 13) to base 2
1101
Convert 5b (base 13) to base 3.
2211
What is 6 (base 16) in base 11?
6
-12 (base 15) to base 11
-16
Convert 8 (base 10) to base 6.
12
0 (base 14) to base 6
0
Convert -16 (base 7) to base 14.
-d
22 (base 3) to base 5
13
Convert -221 (base 5) to base 13.
-49
Convert -102 (base 7) to base 14.
-39
Convert -15 (base 16) to base 6.
-33
What is -2 (base 4) in base 6?
-2
Convert -8 (base 15) to base 4.
-20
-110000 (base 2) to base 16
-30
What is 3a (base 11) in base 9?
47
Convert -13 (base 4) to base 14.
-7
26 (base 12) to base 5
110
1 (base 4) to base 8
1
129 (base 13) to base 8
314
What is -3 (base 5) in base 3?
-10
What is 68 (base 12) in base 11?
73
Convert 8 (base 9) to base 12.
8
What is -134 (base 5) in base 4?
-230
12120 (base 3) to base 12
106
1 (base 14) to base 4
1
What is 18 (base 13) in base 15?
16
Convert -b2 (base 15) to base 6.
-435
What is 31 (base 13) in base 10?
40
Convert 110 (base 2) to base 16.
6
-10 (base 4) to base 9
-4
What is 8 (base 11) in base 15?
8
-10 (base 8) to base 10
-8
What is 450 (base 6) in base 5?
1144
What is 15 (base 9) in base 8?
16
What